2)*t is divided by 9.
6
Suppose 0 = -3*o + 2*b + 54, -36 = o - 3*o + 5*b. Suppose -3*i = -4*y + 78, i - 52 = -0*y - 3*y. Let q = y + o. Calculate the remainder when q is divided by 19.
17
Let f(l) = -7*l - 8. Suppose 283*d - 84 = 279*d. Calculate the remainder when f(-10) is divided by d.
20
Suppose 5*x - 3*o = 235, -2*x + 123 = 5*o + 29. Let b(k) = k**3 - 5*k**2 + k + 5. What is the remainder when x is divided by b(5)?
7
Suppose -4 = 2*z + 4*d, 4*d = 4*z + 2*d - 2. Let h be -4*((-18)/(-90))/((-1)/5). Suppose -h*y + z*y = -248. What is the remainder when y is divided by 22?
18
Let c = 6 + 29. Suppose -17 = -2*i + c. Calculate the remainder when i is divided by 7.
5
Suppose 5*y + 0*u = -3*u + 40, -2*u + 35 = 5*y. Suppose 2*d - 6*d = -8, 4*d + 72 = y*c. What is the remainder when 79 is divided by c?
15
Suppose -r = -x - 219, 0 = -9*r + 4*r - x + 1101. What is the remainder when r is divided by 64?
28
Suppose w + 0 - 11 = 0. What is the remainder when -4*6*(-20)/16 is divided by w?
8
Calculate the remainder when 145 is divided by (-4)/50 + (-60168)/(-2725).
13
Let s(z) = -2*z + z + 10 + 2*z + 10. What is the remainder when s(0) is divided by 12?
8
Suppose -144*p - 446 = -145*p. Calculate the remainder when p is divided by 32.
30
Suppose 8*j = 170 + 62. Calculate the remainder when 54 is divided by j.
25
Let s(o) = -4*o**2 - 9*o - 18. Let z(q) = q**2 + 1. Let j(v) = s(v) + 3*z(v). Let a be j(-6). Let h = 5 + a. What is the remainder when h is divided by 5?
3
Let j(m) = m**3 + 5*m**2 - 4*m - 13. Let f = -84 + 80. What is the remainder when 31 is divided by j(f)?
12
Suppose -3*u + 38 = -5*l, 0*u + 2*l = 3*u - 35. Let v = -4694 + 4812. Calculate the remainder when v is divided by u.
8
Let m be ((-10)/(-15))/(((-7)/18)/(-7)). Suppose 7*z + 40 = m*z. What is the remainder when (-1)/2 + 45/2 is divided by z?
6
Suppose -m - 2 = -5*s + 53, 5*m = -4*s + 15. What is the remainder when 68 is divided by s?
8
Suppose -26*o = 6*o - 1952. Calculate the remainder when 234 is divided by o.
51
Let s(l) = 4*l**2 - 11*l + 39. What is the remainder when 82 is divided by s(3)?
40
Suppose -61*d = -59*d. Suppose d = 2*c - 8, 4*a - 46 = 2*a - c. What is the remainder when a is divided by 15?
6
Let v = -141 - -273. Calculate the remainder when v is divided by 36.
24
Let r = -242 + 407. Let t = r - 116. Calculate the remainder when t is divided by 26.
23
Suppose -12*s + s + 473 = 0. Calculate the remainder when 93 is divided by s.
7
Let t(l) = 8*l**2 - l. Let q be 70/(-8) + (-18)/(-24). Let z be 2*(12/q - -1). Calculate the remainder when 35 is divided by t(z).
8
Let t(b) = 3*b**2 - 12*b + 8. Let r be t(6). Let w = 60 - r. What is the remainder when 61 is divided by w?
13
Let x = -17 + 27. Suppose 2*j = -x, 50 = -0*v + 5*v - 4*j. Suppose 3 = -d + 2*h, -2 = -d - 5*h + v*h. What is the remainder when d is divided by 2?
1
Suppose -3*c - 57 + 273 = 0. Let s(y) be the second derivative of 7*y**3/6 + 2*y**2 - 5*y. Calculate the remainder when c is divided by s(3).
22
Suppose -24 = r + 2*r. Let z = 4 - r. Suppose -z = -5*c + 2*c. What is the remainder when c is divided by 1?
0
Let f = 62 - 38. Let p(c) = c**3 + 8*c**2 + 5*c - 8. What is the remainder when f is divided by p(-7)?
0
Let y be (-16)/(-6)*(-3)/(-2). Suppose 105 = -y*j - 19. Let l = j + 88. Calculate the remainder when l is divided by 15.
12
Let z be (-6)/4*(2 - 2/(-3)). What is the remainder when (-221)/(-3) - ((-33)/(-9) + z) is divided by 39?
35
Suppose -20 = 3*h - 11. Let u(t) = -t**2 - 6*t + 4. What is the remainder when u(h) is divided by 8?
5
Suppose h = 4, -4*h + 607 - 47 = 4*u. What is the remainder when u is divided by 35?
31
Suppose -f = -5*y + 9, -f + 3*f = -2*y + 6. Calculate the remainder when 64 is divided by (13/2)/(1/y).
12
Suppose -5*o = -w - 26, 0 = -2*w - 0*w + o - 16. Let x(z) = z**3 + 4*z - 4*z + 6*z**2 + 8. What is the remainder when 14 is divided by x(w)?
6
Suppose -10 - 77 = -3*f. Let t(j) = -j**2 + 13*j + 13. Let v be t(14). Let o(g) = -84*g**3 - g. What is the remainder when o(v) is divided by f?
27
Let a = -3 + 14. Let q be -23*(3 + (-16)/4). Suppose q = 5*x - 2*x - l, -4*x + 4*l = -36. What is the remainder when a is divided by x?
4
Suppose 0 = -23*p - 130 + 1809. What is the remainder when p is divided by 13?
8
Let i = 1269 + -902. Suppose -14*u + i - 31 = 0. What is the remainder when u is divided by 17?
7
Suppose -12 = -0*l + 3*l, 2*l + 129 = z. Suppose -2*r + 56 = -3*w, -r + 8 + 7 = 5*w. What is the remainder when z is divided by r?
21
Suppose 0 = u - 3*u + 10. Suppose k = u + 11. What is the remainder when 143 is divided by k?
15
Let t = 0 - -6. Suppose a + 2*y = t, 3*a + y - 18 = -y. What is the remainder when a is divided by 3?
0
Suppose -14*k = -20*k + 30. Calculate the remainder when 34 is divided by k.
4
Calculate the remainder when 69 is divided by (1/(-6))/(41/(-9102)).
32
Suppose -2*h = 3*t - 31 - 12, -2*t - 18 = -2*h. What is the remainder when 55 is divided by h?
13
Suppose 15*t - 23 = 172. Calculate the remainder when 53 is divided by t.
1
Suppose 2804*d - 2794*d = 490. What is the remainder when 55 is divided by d?
6
Let d = -3 - -2. Let o(q) = -31*q**3 + q**2 + q. Let y = 353 + -337. Calculate the remainder when o(d) is divided by y.
15
Let k be (-334)/(-10) - (-5)/(100/12). Suppose -22 = -3*g + 3*d - 4*d, -3*d = 5*g - k. Calculate the remainder when 27 is divided by g.
3
Let i be (-138)/(-9) - (-3)/(-9). Suppose 7*j = i + 13. Suppose -2*d + 7 = -3. What is the remainder when d is divided by j?
1
Suppose 52*y + 57*y - 2541 = 75. Let v = -1 - -47. Calculate the remainder when v is divided by y.
22
Let s = -30 + 56. Suppose s*w - 175 = 21*w. What is the remainder when w is divided by (-19)/4*(-6 - -2)?
16
Let j(i) = 3*i**3 - 2*i**2 - 4*i + 4. Suppose 3*l = 2*d + 2, -3*d - 2*l = -4*d - 2. What is the remainder when 29 is divided by j(d)?
5
Suppose k - 5*y = 45, -3*k - y - 2*y + 225 = 0. What is the remainder when ((-5)/(25/6))/(k/(-12775)) is divided by 37?
34
What is the remainder when (-101 - -98)/((-1)/169) is divided by 15?
12
Let i(o) = 32 - o - 32. Let a be i(-5). Suppose -a*p = -0*p - 65. What is the remainder when 50 is divided by p?
11
Let x(m) = 11*m - 14. Let t be x(13). Suppose -v + 0*u = 3*u - 14, v - 6 = -u. Suppose v*n = -n + t. Calculate the remainder when n is divided by 22.
21
Let o = -6 + 15. Suppose 254 + 96 = 14*v. Calculate the remainder when v is divided by o.
7
Let a be (-7)/4 + 9/12. Let s(l) = -3*l**3 - 11*l**3 - 8*l**3. What is the remainder when s(a) is divided by 6?
4
Let m be 7/2*(-24)/(-14). Let n(b) = 4*b + m + 18 - 2. Calculate the remainder when n(16) is divided by 22.
20
Let z = 1460 - 1423. Suppose -15 = -5*d + 85. What is the remainder when z is divided by d?
17
What is the remainder when 299 is divided by (336/(-140))/(6/(-40))?
11
Suppose 0 = 3*l - 5*l + 24. What is the remainder when (2 - -1 - (-805)/5)/2 is divided by l?
10
Let o(t) = 3*t - 28. Suppose 14*a - 7 - 147 = 0. Calculate the remainder when 28 is divided by o(a).
3
Let r be (8/10)/((-2)/(-15)). Let t be 8/(-10)*(-75)/r. Calculate the remainder when 2 is divided by t/(-20)*(-1 - 1).
0
Let a = -148 + 179. What is the remainder when 42 is divided by a?
11
Suppose 3*l = -3*b - 0*b + 102, 3*l + 5*b = 110. What is the remainder when 117 is divided by l?
27
Let w be (3/2)/(0 + (-3)/4). Calculate the remainder when (111/12*w*-2)/1 is divided by 10.
7
Let p(f) = -f**2 - 38*f - 45. What is the remainder when p(-30) is divided by 49?
48
Suppose -5*t + 87 - 292 = -4*j, -4*j + 160 = 4*t. Suppose 5*z = -0*z + j. Calculate the remainder when 25 is divided by z.
7
Let c = -112 + 127. Calculate the remainder when 103 is divided by c.
13
Suppose 0 = t - 15 - 4. Let l = t - -1. Suppose 2*p + p = -p, -5*p = -w + 11. What is the remainder when l is divided by w?
9
Suppose 5*n - 36 = -4*p, 3*p + 3*n = 5*n + 50. Calculate the remainder when 24 is divided by p.
10
Calculate the remainder when (-4 + (-91)/(-28))/(4/(-2768)) is divided by 168.
15
Suppose 2*v - 833 = -5*l + 6*v, l - 167 = v. What is the remainder when l is divided by 42?
39
Let r = -132 - -193. Let t be (3*(-8)/42)/((-4)/14). Calculate the remainder when r is divided by 2/(0 - (-33)/16 - t).
29
Let d(z) = z**2 - 3*z + 4. Suppose 26 